umber?
False
Is 66635 a prime number?
False
Is 25859 a composite number?
True
Is 394601 a composite number?
False
Is 10817 prime?
False
Is 2789 a prime number?
True
Is 13067 prime?
False
Is 45053 a composite number?
False
Is 11983 a prime number?
False
Is 51763 prime?
False
Is 4694 a composite number?
True
Is 56447 a composite number?
True
Is 1633447 a composite number?
False
Is 141413 prime?
True
Is 33109 composite?
True
Is 63563 prime?
False
Is 7061 a prime number?
False
Is 276671 a prime number?
True
Is 7297 a prime number?
True
Is 73813 composite?
True
Is 748763 composite?
False
Is 1399 a composite number?
False
Is 9233 prime?
False
Is 208063 a composite number?
True
Is 1043 a prime number?
False
Is 153723 a composite number?
True
Is 31981 a composite number?
False
Is 32245 prime?
False
Is 278527 a prime number?
False
Is 7327 a prime number?
False
Is 12011 composite?
False
Is 75839 a composite number?
True
Is 164389 a prime number?
False
Is 131861 a prime number?
True
Is 2209 a prime number?
False
Is 228119 a prime number?
False
Is 370661 a composite number?
False
Is 10037 a composite number?
False
Is 11993 prime?
False
Is 2950977 prime?
False
Is 29657 a composite number?
True
Is 147827 prime?
True
Is 1094081 a prime number?
True
Is 123173 a composite number?
True
Is 1678837 a composite number?
False
Is 239017 composite?
False
Is 281509 composite?
False
Is 59047 a composite number?
True
Is 3661093 composite?
False
Is 35951 a composite number?
False
Is 10561 composite?
True
Is 618521 a composite number?
False
Is 1167017 prime?
False
Is 8651 composite?
True
Is 136691 prime?
True
Is 530851 composite?
False
Is 269741 composite?
False
Is 904479 a prime number?
False
Is 19174 composite?
True
Is 30109 composite?
False
Is 2105349 a composite number?
True
Is 829867 composite?
False
Is 95671 a composite number?
True
Is 107897 a prime number?
True
Is 59111 composite?
True
Is 5987 a prime number?
True
Is 47233 a prime number?
False
Is 5583 a prime number?
False
Is 89341 a prime number?
False
Is 35729 a prime number?
True
Is 86285 prime?
False
Is 55987 a prime number?
True
Is 5449 composite?
False
Is 9983 prime?
False
Is 5261 a prime number?
True
Is 684529 a prime number?
False
Is 26981 a prime number?
True
Is 107187 a prime number?
False
Is 6437 composite?
True
Is 799 a prime number?
False
Is 15349 a composite number?
False
Is 1187 composite?
False
Is 83497 a prime number?
True
Is 2285 prime?
False
Is 20261 prime?
True
Is 1409 composite?
False
Is 24749 a prime number?
True
Is 342629 composite?
True
Is 238859 prime?
True
Is 4621 prime?
True
Is 71731 composite?
True
Is 193449 a prime number?
False
Is 2473 composite?
False
Is 338669 composite?
False
Is 2463581 a prime number?
False
Is 371417 a composite number?
False
Is 34163 a composite number?
True
Is 1172942 a prime number?
False
Is 1811 a composite number?
False
Is 797 prime?
True
Is 183871 a prime number?
True
Is 2927 prime?
True
Is 64873 a prime number?
False
Is 1553701 a prime number?
True
Is 25877 composite?
True
Is 181913 prime?
True
Is 11399 a prime number?
True
Is 31769 prime?
True
Is 73561 a composite number?
False
Is 37667 composite?
True
Is 21233 a composite number?
True
Is 119489 a composite number?
False
Is 521405 composite?
True
Is 121061 prime?
True
Is 48437 composite?
False
Is 13829 prime?
True
Is 69815 a composite number?
True
Is 5897 prime?
True
Is 6891 composite?
True
Is 8346641 a composite number?
False
Is 82191 a prime number?
False
Is 841345 a composite number?
True
Is 3389 prime?
True
Is 3593 a prime number?
True
Is 562591 composite?
False
Is 5981 prime?
True
Is 10961 composite?
True
Is 543281 a composite number?
False
Is 5269 a composite number?
True
Is 19571 a prime number?
True
Is 1180099 a prime number?
True
Is 9733 prime?
True
Is 18593 composite?
False
Is 97529 prime?
False
Is 63149 prime?
True
Is 26033 a prime number?
False
Is 733 composite?
False
Is 35261 composite?
True
Is 12553 a composite number?
False
Is 637847 a composite number?
True
Is 24469 a composite number?
False
Is 7603 composite?
False
Is 24359 composite?
False
Is 201937 prime?
True
Is 3051957 composite?
True
Is 40373 prime?
False
Is 79771 a composite number?
True
Is 58103 a prime number?
False
Is 625543 composite?
False
Is 48833 prime?
False
Is 130087 a prime number?
True
Is 18433 composite?
False
Is 247274 composite?
True
Is 85679 a prime number?
False
Is 1649 a composite number?
True
Is 12756233 prime?
False
Is 2293 a prime number?
True
Is 57578 a composite number?
True
Is 6857 composite?
False
Is 781163 a prime number?
True
Is 516539 a prime number?
True
Is 219237 prime?
False
Is 175891 a composite number?
False
Is 1937 a composite number?
True
Is 3646 prime?
False
Is 3611 prime?
False
Is 1657 prime?
True
Is 823943 a composite number?
True
Is 1087 prime?
True
Is 1253557 prime?
True
Is 1352419 prime?
True
Is 21647 prime?
True
Is 6805 composite?
True
Is 9131 prime?
False
Is 1481119 composite?
True
Is 1770409 composite?
False
Is 149 prime?
True
Is 21269 prime?
True
Is 1402 prime?
False
Is 180617 composite?
False
Is 1269001 composite?
False
Is 48157 a prime number?
True
Is 22117 a prime number?
False
Is 508889 a composite number?
True
Is 9091 a composite number?
False
Is 13963 composite?
False
Is 25611 a prime number?
False
Is 65753 prime?
False
Is 64123 composite?
False
Is 771359 composite?
False
Is 86287 a composite number?
False
Is 20323 prime?
True
Is 742195 a composite number?
True
Is 109331 prime?
True
Is 35279 a composite number?
False
Is 3985 a composite number?
True
Is 33107 prime?
True
Is 20627 composite?
False
Is 48463 composite?
False
Is 89939 composite?
False
Is 1601 a composite number?
False
Is 796619 prime?
True
Is 29914 a prime number?
False
Is 5167 a composite number?
False
Is 2444241 a composite number?
True
Is 10033 a composite number?
True
Is 3739 a prime number?
True
Is 66571 a prime number?
True
Is 1131937 a prime number?
True
Is 158897 a composite number?
True
Is 14779 prime?
True
Is 128807 composite?
True
Is 1047 a prime number?
False
Is 36791 a composite number?
False
Is 21713 a composite number?
False
Is 2173 composite?
True
Is 2378891 a composite number?
False
Is 88379 a prime number?
True
Is 3518545 composite?
True
Is 27847 composite?
False
Is 7003 prime?
False
Is 20861 composite?
True
Is 901 a composite number?
True
Is 440039 prime?
True
Is 294863 prime?
False
Is 6947 composite?
False
Is 15859 a composite number?
False
Is 437623 prime?
False
Is 799639 a composite number?
True
Is 60641 prime?
False
Is 37589 composite?
False
Is 540343 a composite number?
False
Is 13813 a composite number?
True
Is 55801 a prime number?
False
Is 178927 prime?
False
Is 166691 prime?
False
Is 552469 a prime number?
True
Is 7961 a composite number?
True
Is 145105 prime?
False
Is 58523 a prime number?
False
Is 42049 prime?
False
Is 3877 prime?
True
Is 168937 composite?
False
Is 79687 prime?
True
Is 4679 a composite number?
False
Is 12301 a prime number?
True
Is 412877 prime?
False
Is 127763 a prime number?
True
Is 1102913 composite?
True
Is 18331 a prime number?
False
Is 406091 a prime number?
False
Is 159853 composite?
False
Is 27551 prime?
True
Is 12197 prime?
True
Is 630389 composite?
True
Is 129377 a composite number?
True
Is 1099 a composite number?
True
Is 4939 composite?
True
Is 261923 prime?
False
Is 279215 prime?
False
Is 76087 a prime number?
False
Is 100907 a composite number?
False
Is 311639 a composite number?
True
Is 22823 a prime number?
False
Is 115681 prime?
False
Is 11185 a composite number?
True
Is 27323 composite?
True
Is 12071 a prime number?
True
Is 23533 prime?
False
Is 1872451 composite?
True
Is 23915 prime?
False
Is 145687 a composite number?
False
Is 147319 composite?
False
Is 14137 composite?
True
Is 15853 a composite number?
True
Is 9509 a prime number?
False
Is 15499 prime?
False
Is 480707 prime?
True
Is 48791 prime?
False
Is 334363 composite?
False
Is 16619 prime?
True
Is 731401 a composite number?
True
Is 309077 a composite number?
True
Is 737629 composite?
False
Is 134129 composite?
False
Is 458859 prime?
False
Is 2061257 a prime number?
False
Is 10579 a prime number?
False
Is 16637 composite?
True
Is 2039 composite?
False
Is 178355 prime?
False
Is 230699 composite?
Tr